 + 66*x + 65. Is q(-49) a prime number?
True
Let b(y) = -22941*y**3 + 4*y**2 - y - 19. Is b(-2) a prime number?
True
Let s = 41910 - 20469. Suppose 0 = -26*l + 110543 - s. Is l prime?
False
Let q(y) = 957*y**3 - 7*y**2 + 8*y - 161. Is q(7) a prime number?
False
Suppose 0 = l + 4*i + 17 + 306, -i = -4*l - 1224. Let u = l + 658. Let k = u + -202. Is k prime?
True
Let f(z) = 107*z - 1. Let o be f(1). Suppose -2*k - o = -2*w, 2*k + 86 = -0*w - 2*w. Is 305 + k/(-27) + (-4)/(-18) composite?
False
Let r(b) = 16 - 6 - 4 + 3*b**2 - 10*b**3 + 1 + 3*b. Is r(-4) prime?
True
Let d(s) = 43115*s - 487. Is d(6) a composite number?
True
Let n(t) = 636298*t**2 - 79*t + 82. Is n(1) composite?
False
Let v(p) = 219*p**3 - p**2 + 7*p - 21. Let w be v(3). Suppose 4*h = -4*c + w, -h + 2*h - 2947 = -2*c. Is c a prime number?
True
Suppose 33*z - 29*z - 27644 = 5*n, 2*z + 2*n = 13804. Let h = 4 + 7. Suppose -5*s + h*s - z = 0. Is s prime?
True
Suppose 3*c + 5*y = -32 + 90, 2*y - 40 = -2*c. Suppose -c*z = -24*z + 1662. Is z prime?
False
Is (-4 - (-66)/18)/(30253/(-15126) + 2) composite?
True
Suppose 22*s - 21*s = 3*t - 23451, -7817 = -t - 4*s. Is t a prime number?
True
Let p = 21397 - 1758. Is p a composite number?
True
Suppose 0 = -a - 8*y + 4*y - 11, -4*y - 13 = -a. Let s be a/(-1) - (-2 - 1). Suppose 4*u = -4*h + 136, -4*u - 2*h - s = -148. Is u a composite number?
True
Suppose -4*y = -5*s + 40833 + 17144, 0 = 4*s + 4*y - 46396. Let h = -8482 + 14932. Let b = s - h. Is b a composite number?
False
Let c = 1887 - 844. Suppose c = -5*s + 26388. Is s a prime number?
False
Let c be (1/3)/((-7)/(-8274)*-1). Let t = c - -1368. Is t composite?
True
Suppose -29*p + 25*p - b + 44430 = 0, 4*p = -4*b + 44436. Is p a prime number?
False
Let y(x) = -8799*x + 13964. Is y(-25) prime?
True
Let j(m) = 1407*m**2 + 7*m + 26. Let c be j(-3). Is c/12 - (-4)/(-6) composite?
True
Let f = -7722385 - -10921998. Is f composite?
False
Let a = -17 - -7. Let w be 5*(-2 - 16/a). Is ((-1)/w - 1)*25116/(-42) a composite number?
True
Is 106 + -1*99/11 a prime number?
True
Let u = 41 + -26. Suppose 5*m = -5*c + u, -4*c + 2*m - 6 = -0*c. Suppose c = 8*i - 13*i + 30. Is i a composite number?
True
Suppose -21*l + 25714 = 2908. Let p = l + -571. Is p composite?
True
Let d(f) = 51 + 3 + 26*f + 19*f**2 - 40. Is d(-15) a prime number?
False
Suppose -l = 5*f - 9, 0*l - 4*l = -f - 15. Suppose l*k = -v + 9013, -4*v - 27099 = -7*v + 3*k. Is v composite?
False
Suppose 5*g = 4*d - 13145, 0*d = d. Let h = g + 4164. Is h a composite number?
True
Suppose 5588 = 4*j - 0*j. Let h(a) = -32*a**2 - 8*a + 16. Let r be h(-5). Let m = r + j. Is m prime?
True
Suppose -f + 19 = 3*m, -5*f = -7*f - 5*m + 37. Suppose 0 = -f*n + 21*n - 4750. Suppose g - 307 = n. Is g a composite number?
True
Let w(r) = 10*r**2 - 33*r + 4. Let b(v) = 10*v**2 - 34*v + 3. Suppose -4*s = 1 - 17. Let x(u) = s*w(u) - 3*b(u). Is x(-15) a composite number?
False
Suppose 2808*x + 41786 = 2842*x. Is x a composite number?
False
Let m be -2 + (-37 + 7)/(-6). Suppose -8*o + 91759 = -3*o - 2*v, 0 = m*v - 9. Is o composite?
False
Suppose 68 = -7*g + 89. Is ((-10)/g)/((-2)/111) a prime number?
False
Let v(q) = 205*q - 3. Let f = -38 - -8. Let d = f + 32. Is v(d) a composite number?
True
Let i = -11307 - -6407. Let h = 8599 - i. Is h composite?
False
Suppose p - 6 + 2 = 0. Suppose p*l - 90232 = 23660. Is l composite?
True
Let q(d) = -d**3 - 10*d**2 - 8*d + 7. Let b be q(-9). Let p(r) = -41*r**3 - r**2 + 3*r + 2. Let g be p(b). Let o = -159 + g. Is o a composite number?
True
Suppose 0 = -l - 88 + 89. Is 1/l - (-25 + -4829) composite?
True
Let s(d) = -1608*d**2 - d. Let a be s(1). Let k = a + 2748. Is k a prime number?
False
Suppose 4*p = -p + 10, 5*z - 25 = -5*p. Suppose 0 = -2*d + 5*w + 15228, -2*d + z*w = 2*w - 15220. Is d prime?
False
Suppose 3*d + 10026 = 3*u, -30*d = 5*u - 32*d - 16698. Let y = u - 1239. Is y composite?
False
Let q be (-57)/((-432)/142 + 3). Suppose -4*h = 20, -m - q = -h - 5247. Is m prime?
False
Let x(l) = 40 - 14*l + 98 + 31 - 28*l. Is x(-20) prime?
True
Suppose 0 = d + 48*y - 44*y - 130159, -3*y = -d + 130180. Is d a composite number?
False
Let l(z) = 94*z**2 + 5*z - 54. Let h be l(-14). Suppose 30077 = 7*k - h. Is k a prime number?
True
Let y = 230 + -231. Let n(i) = -9147*i + 4. Is n(y) a prime number?
True
Suppose 2*k - 4*k = 7*k. Suppose 6*a - 1475 - 109 = k. Let z = 71 + a. Is z prime?
False
Let a be 405/18*(-7)/(-10)*-256. Let m = 7031 + a. Is m composite?
False
Let x(q) = 3*q**3 + 2*q - 1. Let y be x(1). Suppose -5*f + y*o = -0*f - 39, 3*f - 4*o = 17. Suppose -f*r = -7*r - 524. Is r a composite number?
False
Let q(k) be the third derivative of k**6/120 + k**5/60 - k**4/2 - 3*k**3/2 + 10*k**2. Let r be q(-4). Is r/(27/(-158))*3 prime?
False
Suppose -5*o = -2*u - 168035, -291*o - 168035 = -296*o + 3*u. Is o prime?
False
Suppose -33 = -5*b + 9*b - 5*x, -2*b - x - 27 = 0. Let o(g) = 12*g**2 + 20*g + 149. Is o(b) a prime number?
True
Suppose -4*t - 37 - 4347 = 4*x, 3*t - x + 3292 = 0. Let z = 3326 + -790. Let b = t + z. Is b composite?
False
Let b(x) = -3*x**3 + 61*x**2 - 17*x - 27. Let d(t) = t**3 - 5*t**2 - 10*t - 12. Let l be d(7). Is b(l) prime?
False
Let y = 38326 + -12185. Is y a prime number?
True
Suppose 27*t - 1384033 = -52*t + 382960. Is t a prime number?
True
Suppose -14 = 5*w + 1. Let r be (w + 1)/2 - 1. Is (23 - 24)/(r/1258) a prime number?
False
Let y be 9/(9/2) - -813. Let r be ((-2)/(-3))/((-3)/1854). Let p = y + r. Is p composite?
True
Suppose 700*u - 826*u + 313866 = 0. Is u a prime number?
False
Let g = -119780 - 13349. Is 2/(-6) + g/(-201) composite?
True
Let o = -126 - -137. Let h(y) = 147*y**3 + 3*y**2 - 4. Let u be h(3). Suppose -o*b = -3*b - u. Is b a composite number?
False
Suppose 2*q + 264392 = 4*n, 0 = -q + 18 - 18. Is n composite?
True
Let y = 835631 + -573940. Is y a prime number?
False
Let f = 6 - 8. Let l be 3/2 + (-13)/2 - -66. Let u = f + l. Is u a composite number?
False
Let x(d) be the first derivative of -d**4/2 + 6*d**3 - 2*d**2 - d - 75. Is x(6) a prime number?
True
Is (30/2)/(-3) - (-43492 - 0/(-1)) composite?
False
Is 14 + 13/(13/38529) composite?
False
Suppose 17*z = 9*z + 16. Suppose -4*q + 860 = z*a + 122, 0 = 5*a + 5*q - 1870. Is a a composite number?
False
Let s(c) be the third derivative of -545*c**4/24 + c**3/3 - 7*c**2 + 13. Let i = -3 - -2. Is s(i) a composite number?
False
Suppose -5*a - 1022 = -3*x - 4*a, 0 = -3*x + 4*a + 1010. Let i be -4*(-5)/5 + x. Let q = 1 + i. Is q a prime number?
True
Is 2413059/7 + (-380)/(-1330) a prime number?
False
Suppose 4*q - 2*r + 278 = 0, 5*r - 2 = q + 54. Let c = 73 + q. Let z(t) = 105*t + 1. Is z(c) a composite number?
False
Let a be (-777)/28*20/(-3). Let y = -162 + a. Is y prime?
True
Suppose 1607 - 4253815 = -11*j - 1014039. Is j a composite number?
True
Let v(z) be the third derivative of 13*z**7/840 - z**6/45 + z**5/60 + z**4/4 + 14*z**2. Let w(n) be the second derivative of v(n). Is w(4) a prime number?
False
Let t = 5216 - -63387. Is t a composite number?
True
Let b = -72 - -75. Suppose -5938 = -k - 3*t, 2*k + 3*t = b*k - 5908. Is k composite?
False
Let w = 105 - -12. Suppose 2*m = -5*s - 1510, 0 = 4*m - s - w + 3115. Let z = m - -1343. Is z a prime number?
True
Let r = -122 - -127. Suppose -r*s = -37*s + 10432. Is s a composite number?
True
Let x = 51 + -48. Suppose x*r - 10 = -2*r. Suppose b - 3*m = 6*b - 2062, -r = 2*m. Is b prime?
False
Suppose -j = -5*t + 311214, -62239 = 27*t - 28*t + 4*j. Is t composite?
True
Suppose 0 = -n - 0*n + 5. Let l(r) = 130*r + 136*r - 282*r + 36 + n*r**2. Is l(13) prime?
True
Suppose 31*y = 4*c + 33*y - 417082, -3*c = -y - 312794. Is c composite?
True
Let r = -111968 - -246957. Is r a composite number?
False
Let c = -101083 + 146532. Is c composite?
True
Suppose 18575 = -231*l + 232*l. Suppose -10 = -2*h, 0 = -3*v + 8*v - 4*h - l. Is v a composite number?
False
Suppose 0 = -o + 3*c + 791759, -2375341 = -3*o - 5*c + 6*c. Is o a composite number?
False
Let x(n) = 626927*n**2 - 76*n - 153. Is x(-2) prime?
True
Suppose 5*m + 0 - 10 = 2*v, v - 2 = -m. Let g be (-989)/(-3) + 2 + m/6. Suppose 2*h - 4*b - b = 589, -h = 5*b - g. Is h a composite number?
False
Let y(v) = -v**3 + 13*v**2 - 3*v. Let u be y(4). Let c = -